e?
False
Let r(q) = q**2 + 5*q - 1. Let m be r(-6). Suppose 0 = t - m*t. Suppose 2*d = -2*v + 220, t*v = 4*v - 4*d - 408. Is v a composite number?
True
Suppose u = 3*d - 3*u + 21, -d = 5*u - 12. Let m(z) be the second derivative of 9*z**4/4 + z**3/3 - z**2 - 4*z - 2. Is m(d) a composite number?
True
Let z = 598 + -272. Let u = 625 + z. Is u a prime number?
False
Let n(l) = -l + 2. Let a = 19 + -14. Let j be n(a). Is (6/j - 2) + 447 a prime number?
True
Is (9 - (-120)/(-12)) + 29852 a prime number?
True
Let m = 44 + -80. Let b = m + 305. Is b composite?
False
Let n(z) = -20*z**2 + 2*z - 2. Let y be n(-3). Let c be (-34680)/105 - -1*2/7. Let b = y - c. Is b a composite number?
True
Suppose 3*p + 37 = 4*p. Let z = p - 135. Let h = z + 177. Is h composite?
False
Let p be ((-17768)/(-12))/(4/6). Suppose -2672 - 6412 = -6*o. Let t = p - o. Is t a prime number?
False
Let n = 20843 + -6312. Is n a prime number?
False
Let g(a) = a**2 + 20*a + 63. Let o be g(-11). Is (-15422)/(-10) - o/45 a composite number?
False
Let d(h) = 2*h**3 - 5*h**2 + 5*h. Let j be d(2). Let t(v) = -1 + 3*v + 7*v**2 + v**3 + 4*v**3 - 6*v**3. Is t(j) a prime number?
True
Suppose -4*f + 2*f = -2*y + 12, -f = 4. Suppose 3*m + 2*o - 34 = 0, -m - 4*m - 5*o + 55 = 0. Suppose 0 = -2*s - y*s + m. Is s a prime number?
True
Suppose 31 = -c - d, -3*c + 48 = -5*c + 5*d. Let k = 50 + c. Suppose a = -j - 2, j - k = -j + 3*a. Is j composite?
False
Let d be (-60)/3*46/(-4). Let r = d - -93. Is r a composite number?
True
Let t(j) = -j**3 + 2*j**2 + 5*j - 4. Let v be t(3). Let s = 14 + -6. Suppose -v*f - 2910 = -s*f. Is f prime?
False
Let i(j) = 4*j**2 + 4*j + 14. Let v be (-72)/42*(-7)/2. Let s be i(v). Suppose -s = -5*q + 3. Is q prime?
True
Suppose -1 = 14*a - 13*a. Is 1/(a - (-5544)/5541) a composite number?
False
Let y be 3/((-4)/(-2) - 1). Suppose -4*a = -s - s - 1452, 1466 = 4*a + 5*s. Suppose -y*c + a = c. Is c a prime number?
False
Suppose 3*o + 8*u - 34753 = 13*u, -2*o - u + 23186 = 0. Is o a composite number?
True
Let g = 217 + 1516. Let j = -1110 + g. Is j a composite number?
True
Suppose -h = 6 - 8. Let q(b) = 3*b + 59*b**2 + 0 - h - b**2. Is q(1) a composite number?
False
Let v = -26 + 30. Suppose -398 - 38 = -v*j. Is j prime?
True
Let y = -245 - -527. Suppose 5*d = -2*i + 106, 0 = 5*i + 13*d - 9*d - y. Is i composite?
True
Let r = -12 + 15. Suppose 1 = -r*b + 7, 4*z = -4*b + 60. Suppose -4*h + 0*h = i - z, 2*h = -10. Is i a composite number?
True
Let m(z) = 15*z**2 + 6*z - 8. Let u be m(-8). Let y = -321 + u. Is y prime?
False
Suppose 5*f = 15, -d - f - 367529 = -5*d. Is d a prime number?
False
Let j be 4 + 3 + 2 - 1. Let d be j + -6 + (-1 - 180). Let c = d + 442. Is c a composite number?
False
Let g be ((-456)/(-10))/((-27)/(-3870)). Suppose g = 8*x + 880. Is x a prime number?
False
Let n be 42/(-35)*1200/9. Let v = n - -541. Is v prime?
False
Let q be 1*4 - 2032/(-8). Let v be (10/4)/((-6)/132). Let x = v + q. Is x composite?
True
Let w(h) = 12*h**3 - h. Let t be w(9). Suppose r = -5*b + 5*r + t, -4*b - 5*r + 7024 = 0. Is b a composite number?
True
Let h be (1688/(-4))/(-1 + 0). Let u be -4 - 3/(9/(-93)). Let f = u + h. Is f a composite number?
False
Let o(f) = -13*f**3 + 5*f**2 + 6*f + 1. Let u = 13 - 17. Is o(u) composite?
True
Let d(b) = -18*b + 15. Let p(x) = x**3 + 2*x + 6 + 13*x**2 - 4*x**2 - 2. Let q be p(-9). Is d(q) prime?
False
Let a(b) = 760*b**3 + 5*b**2 - 22*b + 8. Is a(3) composite?
False
Let u(w) be the third derivative of 67*w**7/5040 + w**5/20 - 2*w**2. Let v(q) be the third derivative of u(q). Is v(5) a prime number?
False
Suppose 475*c = 471*c + 19124. Is c composite?
True
Let v = 3 - -2. Suppose v*t + 45 = -0*t. Is (t + 11)/((-4)/(-134)) a composite number?
False
Suppose 8*z - 20 = 132. Let f(y) = 8 + 2*y**2 + 107 - y**2 + z - y. Is f(0) composite?
True
Let l be -3 + (3334 - 2)/1. Let k = l - 1968. Is k a prime number?
True
Let p = -22333 + 31850. Is p a composite number?
True
Let q = -5828 - -8569. Is q a composite number?
False
Let r(c) = c + 15. Let f be r(-6). Suppose f*a = -6*a + 795. Is a a composite number?
False
Suppose -4*t = -2*i - 10, 3*t + 0 = -4*i + 2. Suppose v - t*v = 5*q - 898, 4*q - 704 = 4*v. Is q prime?
True
Let x(p) = 73*p - 2. Let w be x(3). Suppose -5*u + 20 = 0, -2*o - 3*o - 4*u + 41 = 0. Suppose 0 = o*l - 448 - w. Is l composite?
True
Suppose 5*a + 2*w - 8800 = 0, -5284 = -3*a - 2*w - 0*w. Suppose 716 = -2*f + a. Is f composite?
False
Let k(w) = -329*w + 21. Let m = -56 + 52. Is k(m) a prime number?
False
Let w be 4 - ((-9)/15 + 4/(-10)). Suppose -4*k + 3*m = 199 - 841, 4*k + w*m = 626. Is k a composite number?
True
Suppose 5*h - 5*n - 53115 = 0, 3*h = -59*n + 61*n + 31869. Is h a composite number?
True
Suppose 4*d = -b - 66, -3*d - 58 = -2*b + 7*b. Let f(n) = -n**3 - 9*n**2 + 23*n + 15. Is f(d) composite?
False
Let z(i) = -6*i**2 - 12 - i**3 + 3*i + 8*i - 6*i**2. Let r be z(-14). Is (-2)/(-12) + r/12 prime?
True
Let m = -12 + 21. Let i be (-2)/m - 992/(-9). Suppose 3*v - 31 = i. Is v a prime number?
True
Let v = -422 - -980. Suppose -555 = -d + v. Suppose 7*c - d = 4*c. Is c prime?
False
Let i = 299 + -77. Suppose t = 3, -2*k + 3*t + 1459 = i. Is k composite?
True
Let a(k) = 54*k**2 + 12*k - 29. Is a(2) a composite number?
False
Let p(t) = t**3 - 17*t**2 + 4*t + 38. Is p(17) prime?
False
Let f(p) = 14*p**2 - 7*p + 5. Let a(y) = -y**2 + 5*y. Let g be a(4). Is f(g) prime?
False
Is ((-5763)/(-9) - 5) + 8/(-24) a prime number?
False
Let n(d) = 4*d**2 + 7*d - 13. Suppose -2*j + 69 = -1. Suppose 8*v = -j - 61. Is n(v) prime?
True
Suppose 8 = 4*i - 0. Let m be ((-4302)/(-12))/((-1)/i). Let c = m + 1298. Is c a composite number?
True
Let p(y) = 3232*y**2 - 52*y + 175. Is p(3) composite?
True
Let i(g) = g**2 - 2. Let z be i(-7). Suppose -y = -5*p + 25, 2 - z = -5*p + 5*y. Let l(x) = 4*x**3 - 5*x**2 - 6*x + 9. Is l(p) composite?
True
Suppose 3*g + 3*k = 12, -9 - 3 = -3*g - k. Suppose g*w + x = 3*w + 559, -2*w - x = -1118. Is w a prime number?
False
Suppose 3*o - 6322 = -4*k, 0*o = -4*o + 8. Is k a prime number?
True
Let n(j) = 5*j**2 - 42*j - 24. Is n(-19) composite?
False
Let x(m) = 313*m**2 - 2*m + 98. Is x(9) a prime number?
False
Suppose 0 = 2*w + f - 15, -3*w + 5*f - 6 = -35. Let y be 65/20*w/(-2). Let n = 26 + y. Is n composite?
False
Suppose -468 = 4*w + 312. Suppose -3*f - 272 = 5*p + 64, 0 = 2*f + 2*p + 224. Let n = f - w. Is n a composite number?
False
Let s be 1*0/(-4 + 3). Let u = s + 19. Is u a prime number?
True
Is ((-4)/(8/(-3)))/((-18)/(-3828)) prime?
False
Suppose z - 4*m = 2145, -z - 8614 = -5*z - m. Is z a prime number?
True
Is (-5 - (-99)/11)*(-4969)/(-4) prime?
True
Let l = -94 - -102. Suppose -5395 = -l*z + 549. Is z a composite number?
False
Let a(d) = d**3 - 114 - 2*d**2 + 3*d**2 + 487 - d. Suppose s - 5*i - 10 = 0, 5*s - 1 = 4*i + 7. Is a(s) a prime number?
True
Let m(r) = r**3 - 10*r**2 + 18*r - 4. Let g be m(8). Let n be -2 - (9 - 4/2). Let p = g + n. Is p composite?
False
Let f be (-1685)/4 - (-12)/(-16). Let h = f - -625. Is h composite?
True
Let u = 3533 - 2340. Let n = u + -396. Suppose p + 2*h = 5*h + 149, -n = -5*p + 2*h. Is p a prime number?
False
Let o = 2604 - 1685. Is o composite?
False
Suppose -452*r + 14078 = -450*r. Is r a composite number?
False
Let f = 72374 - 51285. Is f a prime number?
True
Let j(y) = 678*y - 5. Let h be j(5). Let f = -1592 + h. Is f a composite number?
True
Suppose -u + 4*u = 15. Suppose -2*l - 4*s = 1 + 1, -u*l + s + 6 = 0. Suppose 4*w - l = 7, -z + w = -293. Is z a composite number?
True
Let b(u) = 3*u**3 - 2*u**2 - u + 4. Let c be b(2). Let r(o) = c*o + 3*o**2 + 6*o - 4*o**2 - 8. Is r(15) composite?
False
Let y be 8/(-4 - 0) - -16. Let t(l) = 20*l - 17. Let w be t(y). Suppose -3*b + h = -w, -2*h = 2*b - 146 - 40. Is b a prime number?
True
Let q(m) = 4*m**2 - 5*m + 20. Let g(s) = s**2 - 1. Let z(t) = -3*g(t) + q(t). Is z(-8) a prime number?
True
Let x(z) = 11 + 6 - 2 - 23*z + 7*z**2. Let j(f) = 3*f**2 - 11*f + 8. Let v(l) = 5*j(l) - 2*x(l). Is v(9) composite?
True
Suppose 106*y - 30*y - 3617372 = 0. Is y composite?
True
Suppose 7*i = 12419 + 8630. Is i prime?
False
Let n be 494/95 + (-1)/5. Suppose -5*d - 81 - 24 = -5*l, l - n = 0. Is 206/(-3)*120/d composite?
True
Suppose -26*